d(1)?
5
Let x be 2*(-9 + -3)/(-4). Let z(j) = j**3 - 4*j**2 - 5*j + 9. What is the tens digit of z(x)?
5
Let w(b) = b**3 + 11*b**2 - 13*b - 15. Let k be w(-12). What is the tens digit of ((-160)/k - -4)/((-2)/(-3))?
8
Let r = 573 - -342. What is the hundreds digit of r?
9
What is the hundreds digit of ((-2)/(-6))/(5/(-56910)*-7)?
5
Let k = 5 + -3. Suppose -2*z + 3*d + k = -37, 5*d = z - 9. Let t = -16 + z. What is the units digit of t?
8
Let l(w) = -40*w**2 - w - 2. Let k be l(2). Let r be 0 + (-5)/(10/k). Let v = r - 55. What is the units digit of v?
7
What is the hundreds digit of (-12504)/15*155/(-62)?
0
Let d(u) = u**3 - 14*u**2 - u - 10. Let y(g) = g**2 + g. Let k(m) = d(m) + 5*y(m). Let c be k(7). What is the tens digit of c/(-6) + (-24)/(-36)?
1
Suppose 4*v = -3*g - 1, v + 2*g = 6*g + 14. Suppose -4*a - 6 = -2*a - v*o, a = 3*o - 7. What is the units digit of -4*(0 + (-2 - a))?
4
Let u(m) be the first derivative of 2*m**2 + 2*m + 6. Let g be u(4). What is the units digit of (-4 - -1)*g/(-6)?
9
Let c(m) be the first derivative of m**3/3 - 17*m**2/2 + 2*m + 1. What is the units digit of c(24)?
0
Let a be 4/14 - 165/(-35). Suppose -4*l - 97 = 2*b - 1071, 5*b + a = 0. Suppose -33*g - l = -37*g. What is the tens digit of g?
6
Let i be ((-7)/14)/((-2)/344). Let n = 149 - i. What is the tens digit of n?
6
Let a(x) = -x + 2. Let n be a(-2). What is the units digit of 60 - n/20*5?
9
Suppose -4*m + 19 = 11. Suppose -5*x + 573 = -m*l, -47 - 69 = -x - l. What is the units digit of x?
5
Suppose -5*u + 1010 = -4*g, 0 = -2*u - 3*g + 438 - 11. What is the units digit of u?
6
Suppose 2*v + h = 5, 0*v - 4*v + 5*h + 31 = 0. What is the units digit of 37 - (0 + (v - 0))?
3
Let z = -13 - -15. Suppose -4 - 60 = -z*h. Suppose -4*v = -3*d + 34, -h = -4*d - 0*v + 2*v. What is the units digit of d?
6
Let h(o) = 4*o**3 + 6*o**2 - 8*o - 77. What is the tens digit of h(6)?
5
Let d be 3 - (5 - (-25)/(-5)). Suppose -d*h - 72 = -9*h. What is the tens digit of h?
1
What is the units digit of ((-12)/(-42) - 0)*994?
4
Suppose 2*h = -112 + 2102. What is the hundreds digit of h?
9
Let r be 4/(-3)*(-3)/(-2). Let k be 1/r + (-49)/(-14). Suppose -k*u + u = -6. What is the units digit of u?
3
Let p(o) = -o**2 + 5*o - 5. Let t be p(6). Let v = t - -111. What is the tens digit of v?
0
Let b(n) = -80*n - 1. Let o be b(-2). What is the units digit of -1 + (-1)/((-3)/o)?
2
Let v(x) = 2*x**3 + 2*x**2 + 2*x - 2. Let o be v(5). Let b = o - 215. What is the tens digit of b?
9
Let l(j) = -j**2 - 5*j + 1685. Let x be l(0). Suppose 0 = -14*c + x + 1395. What is the units digit of c?
0
Suppose 11284 = -65*o + 69*o. Suppose 16*n = 3*n + o. What is the tens digit of n?
1
Suppose -231*x + 222*x = -9117. What is the units digit of x?
3
Let a = 87 - 126. Let x = a - -91. What is the tens digit of x?
5
Suppose -t + 28 = 6. Suppose -m + t = -45. What is the tens digit of m?
6
Let s(h) = -2*h**2 - 10*h + 6. Let u be s(-5). What is the tens digit of -2 + 56 + (u - 10)?
5
Let c(p) = -p**3 - 8*p**2 - 4*p + 11. Let m(d) = 36*d**2. Let v be m(-1). Suppose -5*o - v = 4. What is the units digit of c(o)?
3
Let k be ((-636)/(-9))/((-22)/(-33)). Let o = k - 50. What is the tens digit of o?
5
Suppose 0 = 11*s - 24*s + 78. What is the units digit of 810/(30/s) + 3?
5
Suppose -1 + 0 = 2*f - h, -16 = -3*f - 2*h. Let q = f + 58. What is the tens digit of q?
6
Let o(n) = -6*n - 10. Let a(k) = 4*k + 11. Let i be a(-5). What is the units digit of o(i)?
4
Let o = -15 + 77. Let c = 133 - o. What is the tens digit of c?
7
Let a(m) = -m - 13. Let h be a(-10). Let k be -4 + 83 + (h - 0). Suppose 4*v = -4*l + k, -4*v + 50 + 16 = -l. What is the units digit of v?
7
Let d = -509 - -747. Suppose d - 18 = 4*k. What is the units digit of k?
5
Let i = 12 - 9. Let l = -4 - i. Let h = l - -45. What is the units digit of h?
8
Suppose -2*j + 281 = 897. Let t = -211 - j. What is the units digit of t?
7
What is the units digit of (344/(-6))/(10/(-45))?
8
Let m = 206 + 1268. What is the units digit of m?
4
Let v be (-1 - (-4975)/(-10))*-2. Suppose 189 = 8*a + v. Let q = a + 160. What is the units digit of q?
9
Let d(z) = z**3 + 10*z**2 + 8*z - 7. Let p be d(-9). Suppose -3*x = p*x + 40. What is the units digit of 2/x + (-85)/(-20)?
4
Let v be (-4)/(-6)*24/(-16). Let f = v + 3. Let o(j) = 2*j + 4. What is the units digit of o(f)?
8
Suppose -4*f = 4*x - 12, -x - 3 = 2*f - 9. Suppose x = -5*c - 0*c - 75. What is the tens digit of (-6)/(-15) - 279/c?
1
Suppose v - 5*v + 88 = 0. Let b be (v/(-5))/((-10)/(-25)). Let y = b - -19. What is the units digit of y?
8
Let w(t) = 178*t - 646. What is the tens digit of w(11)?
1
Suppose t + k = -2*k + 6, -t = -k - 14. What is the units digit of (-8)/t + 2*(-221)/(-6)?
3
Suppose 0 = s + 1 + 4. What is the hundreds digit of (((-2860)/16)/s)/(1/4)?
1
Suppose -6*p + 140 = -2*p. Let f = 3 - 1. Suppose j = -f + p. What is the tens digit of j?
3
Suppose 4*o - 3 = -5*z + 1, -3*o + z = -22. Suppose -4*n = -7*n + o. Suppose -5*g = n*r - 49, -g - 3*r + 24 = 2*g. What is the units digit of g?
1
Let w = 7002 + -4254. What is the hundreds digit of w?
7
Suppose 5*h - 16 = 4. Suppose 48 = 4*j - h*q, 14 - 2 = 4*q. What is the units digit of j?
5
Suppose 37 = -2*s - 1. Let a = 21 + s. Let m(i) = 18*i - 5. What is the tens digit of m(a)?
3
Let g(b) = 11*b**2 - 58*b + 64. What is the thousands digit of g(16)?
1
Suppose -46*m = -31*m - 93375. What is the units digit of m?
5
Suppose 6*r - 3*r = 21. Suppose a - r*a = -258. What is the tens digit of a?
4
Suppose -45 = -9*q - 0. Suppose 4*x = -q*z + 195 + 842, -2*z + 769 = 3*x. What is the tens digit of x?
5
Suppose 102 = 4*f - 2. Let l = f - -11. What is the tens digit of l?
3
Let j = -5 + 8. Suppose -x = j*x - 52. Suppose 39 = -x*u + 14*u. What is the units digit of u?
9
Let p be (9/(-45))/(2/(-10)). Let r(v) = v**2 - v. Let w(o) = 41*o**2 - 4*o - 1. Let c(t) = p*w(t) - 5*r(t). What is the units digit of c(1)?
6
Suppose 42*d - 666 = 36*d. What is the hundreds digit of d?
1
Let d = 939 + -637. What is the tens digit of d?
0
Suppose -2*i - 3 = -5*o + 10, -i - 4 = -2*o. Let y(x) = 3*x - 89 + i*x + 72. What is the tens digit of y(8)?
5
Suppose 951 = 5*g - 1179. What is the hundreds digit of g?
4
Let f(i) = -i**3 - 3*i**2 + i + 4. Let p be f(-2). Let a be p/((4 + -3)/(-59)). Suppose 83 = 5*o - 5*q - 242, 0 = -2*o + 5*q + a. What is the tens digit of o?
6
Let c(n) = -1415*n - 526. What is the tens digit of c(-4)?
3
Let s(d) = d - 8. Let p be s(0). Let v = 43 - p. What is the tens digit of v?
5
What is the hundreds digit of -4 - 128/24*(-2 + -49)?
2
What is the units digit of (3*28/(-210))/(1/(-290))?
6
Let u be (-1 + (-326)/6)/((-6)/(-9)). What is the units digit of 0 + 5 - (u - 1)?
9
Let v = 2110 + -877. What is the thousands digit of v?
1
Let w = 2371 + -1375. What is the units digit of w?
6
Let y(t) = 2*t**2 + 9*t - 3. Let x be y(-5). Suppose -u = -x*u + 22. What is the units digit of ((-33)/u)/(3/(-52))?
6
Suppose 3*a + 5*s = -2, -4*a + s + 35 - 7 = 0. Suppose -2*d = -5*o + 27 - 9, -d = 5*o - a. Suppose 50 - o = 2*c. What is the units digit of c?
4
Suppose 9*c + 22*c = 65999. What is the hundreds digit of c?
1
Let v(i) = -i**3 + 11*i**2 - 5*i - 24. Let t be v(10). Let o = t - 13. What is the units digit of o?
3
Suppose 0 = -5*v - 5*t + 3303 + 857, 0 = 2*v + t - 1660. What is the units digit of v?
8
Let u be (6/(-4))/((-6)/8) + -9. Let m(p) = p**3 + 10*p**2 + 5*p - 25. What is the units digit of m(u)?
7
Suppose -g = -2*g + 42. Suppose -x = c + 12 + g, 3*x + 48 = -c. Let s = -22 - c. What is the tens digit of s?
3
Let d be 1 + -5*(0 + 4). Let q = d - -21. Suppose k + 57 = q*k. What is the units digit of k?
7
Let l = 330 + -4. What is the units digit of l?
6
Let k(f) = f**2 - 14*f + 10. Let y be 7 + -6 - (2 + 0). Let j be 22/2 + y + 4. What is the tens digit of k(j)?
1
Let l(j) = 343*j**3 - j**2 - 3*j + 3. What is the tens digit of l(1)?
4
What is the units digit of 1 + (5 - -293) + 3 + 4?
6
Let i(h) = -18*h + 136. What is the hundreds digit of i(-48)?
0
Suppose 11*n = -5*b + 10*n + 11022, 2*n = 5*b - 11031. What is the units digit of b?
5
Let l(d) = -36*d - 27. Let a be l(-12). Suppose -3*p = -a + 66. What is the tens digit of p?
1
Suppose 0 = -2*s - q + 1576, 10*s - 795 =